?
2
Suppose 0 = -15*w + 17478 + 16047. What are the prime factors of w?
3, 5, 149
Suppose -4*c - 1514 = -3*g - 3*c, -5*g = 5*c - 2530. List the prime factors of g.
5, 101
Suppose -3*l + 8 - 5 = 0. What are the prime factors of 195 - (-6 - (l - 4))?
2, 3, 11
Let f(s) be the second derivative of -49*s**3/6 - s**2 - 5*s. Let x be f(-1). Suppose 97 = 6*m - x. What are the prime factors of m?
2, 3
Let v = 6 + -6. Let u = 111 - 63. Suppose v*d - 4*d = -u. List the prime factors of d.
2, 3
Let v = -26 + 25. Let h = v - -3. Suppose -21 = -h*w + 13. List the prime factors of w.
17
Let t(p) = 126*p + 9. Let f be t(5). Suppose 0 = 3*v + 57 - f. What are the prime factors of v?
2, 97
Suppose -4*j = -4*k + 1944, -j = 21*k - 19*k - 984. List the prime factors of k.
2, 5, 7
Let o(n) = -2 + 9*n**2 - 7 - 23 + 7. List the prime factors of o(5).
2, 5
Let c = 19 - 14. Let q(d) = d**3 - 6*d**2 + 4*d + 2. Let u be q(c). Let a(h) = -6*h + 1. List the prime factors of a(u).
19
Suppose 60574 = -0*f + 31*f. What are the prime factors of f?
2, 977
Let l be (-12)/(-78) + (-72)/(-39). List the prime factors of (29 - (2 - l))*6.
2, 3, 29
Suppose 0 = -5*y + i + 3, -y + 3*i - 4 = y. Let d = 8 - y. Suppose -2*z + d = -3. List the prime factors of z.
5
Let p(c) = -2*c + 1. Let d be p(-2). Suppose -2*t + d*f + 190 = 3*f, 4*t - 386 = -2*f. List the prime factors of t.
2, 3
Suppose -5*n - 290 + 800 = 5*p, 0 = 4*n - 4*p - 384. Let r = 199 - n. List the prime factors of r.
2, 5
Suppose 2*l - 8*l = -36. List the prime factors of 774/12 - (-3)/l.
5, 13
Suppose n = -5*n + 42. Suppose f + 372 = n*f. What are the prime factors of f?
2, 31
Suppose 183 - 1 = 7*u. Let o = u - 12. What are the prime factors of o?
2, 7
Let n(x) = -2*x + 6 + 0*x - 4 + x**2 + x. Let z be n(2). What are the prime factors of (70/2)/(z/4)?
5, 7
Suppose 17 = -2*k + 21. Suppose -3*i - a = -461, k*i + 5*a - 249 = 80. List the prime factors of i.
2, 19
Suppose 841*c + 21184 = 849*c. List the prime factors of c.
2, 331
Let q(b) = -b**3 + 15*b**2 + 22*b + 57. What are the prime factors of q(11)?
3, 29
Let p(d) = 18*d + 19. List the prime factors of p(3).
73
Suppose -6*x + 2*x + 736 = 0. Suppose 0 = -a - a + x. Let o = -39 + a. List the prime factors of o.
53
List the prime factors of (-6)/(-9) + (-4)/6 - -945.
3, 5, 7
Let h = 45 + -49. List the prime factors of (-9)/h*(34 - -18).
3, 13
Suppose 3*b - 6 - 3 = 0. Suppose -4*y = -4*u - b + 23, -4*u + 16 = -2*y. List the prime factors of (-4 + u + 2)*7.
7
What are the prime factors of 25238/12 - ((-1168)/(-96) - 13)?
2, 263
Let a(r) = -2*r + 6. Let u be a(3). Suppose m - 266 - 1 = u. List the prime factors of m.
3, 89
Let k = 56 + 44. Suppose z - 6*z + k = 0. Suppose -29 = -2*w + 2*c - 7, 5*c = z. List the prime factors of w.
3, 5
Let p(y) be the first derivative of 17*y**2/2 + 6*y - 3. Let d be p(5). Suppose i - d = -4*m, -3*m + 3*i + 63 = -m. List the prime factors of m.
2, 3
Let x be 6/(-10) + 308/55. Suppose 122 + 43 = x*f - h, 66 = 2*f + h. List the prime factors of f.
3, 11
Let c = 27 - 15. Suppose 5*f - 2*f + 3*h + c = 0, 0 = -2*h - 10. What are the prime factors of (29 - f) + (4 - 7)?
5
Let p be ((-8)/(-16))/((-1)/2). Let j(q) = 8*q + 2. Let r be j(p). Let i = -4 - r. What are the prime factors of i?
2
Let s(g) = 346*g**2 + 24*g + 1. List the prime factors of s(-2).
7, 191
Let f(l) = l**3 + 19*l**2 + 20*l + 28. What are the prime factors of f(-13)?
2, 17, 23
Suppose 0 = 5*u - 29 - 31. Let q be ((-3)/(-4))/(1/u). Suppose -x - 176 = -q*x. What are the prime factors of x?
2, 11
Let j(u) = -3*u**3 - 5*u - 13. Suppose 2*z = -2*x + 6*x - 8, 16 = -4*z + 3*x. What are the prime factors of j(z)?
199
Let m = -6 + 10. Let p be -2*(-1 - 294/m). Suppose 4*g - p + 41 = 0. What are the prime factors of g?
3
Suppose 3*r - 5*u = 584, 9*r - 10*r + 4*u = -190. List the prime factors of r/(-2*15/(-40)).
2, 3, 11
What are the prime factors of 322 + 2 + -4 + (-2)/2?
11, 29
Suppose 0 = -i + 5*k + 715, 0 = i + 5*k - 683 - 12. Suppose 6*q - 2*t - 710 = q, 3*t = 5*q - i. Suppose q = 6*c - 3*c. List the prime factors of c.
2, 3
Let s(j) be the first derivative of j**4/4 + 8*j**3/3 - j**2 - 3*j + 2. Suppose -14*o + 48 = -20*o. List the prime factors of s(o).
13
Let o(f) = 3*f + 1. Suppose 0 = 5*d - 11 + 1. Let k be (-11)/11*(-12)/d. List the prime factors of o(k).
19
Let d be -2 - -1 - (-5 - -4). Suppose d*x = 4*x - 16, -5*x + 20 = 5*m. Suppose m = -g + 10 + 1. List the prime factors of g.
11
Suppose 0*q - o = 2*q - 4, 3*q + 5*o = -8. Let z(s) = s**2 - s. Let d(w) = 4*w**2 - 5*w + 2. Let x(t) = d(t) - 2*z(t). What are the prime factors of x(q)?
2, 11
Suppose 4*j - 30 = -5*s, 0 = -j - 3*j + 2*s + 44. Suppose 2*x + 4 = j. Suppose -85 = -4*c + 3*r, -r + 0 = x. List the prime factors of c.
19
Let d = 3915 - 704. List the prime factors of d.
13, 19
Let r(u) = -4*u + 1. Let t be (6/9)/((-2)/3). Let l be r(t). Suppose -3*j + 232 = -l*o, 4*j - 4*o = -8*o + 256. What are the prime factors of j?
3, 23
Let c(v) = v - 11. Let b(r) = -3*r + 22. Suppose 0 = -4*p + 14 + 38. Let w(g) = p*c(g) + 6*b(g). List the prime factors of w(-5).
2, 7
Let x = 186 - 276. Let i = x + 38. Let t = i + 88. What are the prime factors of t?
2, 3
Let r(p) = p + 3. Let f be r(0). Let l be (-3)/((-12)/4) + 3 - -3. Let j = l + f. List the prime factors of j.
2, 5
Let b(o) = -o**3 + 12*o**2 + 27*o + 16. Let p be b(14). Suppose 0 = 5*h - v - 48, 2*h - 32 = 4*v - p. List the prime factors of h.
3
Suppose 5*k + g + g = 54, -5*k = -g - 63. Suppose v - 5*v = -k. Suppose 4*a = v*a + 14. What are the prime factors of a?
2, 7
Let m = -1293 - -2828. What are the prime factors of m?
5, 307
Let y be 2/((-24)/15 + 2). Let o(x) = -18 + 16*x - 34*x + 33*x. List the prime factors of o(y).
3, 19
Suppose -558 = -6*f + 3*f. Suppose -w - 171 = -4*i, -3*i + w - 57 = -f. What are the prime factors of i?
2, 3, 7
Let v be 26/(-4) + 2/4. Let f(k) = -2*k**3 - 7*k**2 + 9*k + 11. List the prime factors of f(v).
137
Let c(v) = v + 3. Suppose 0 = -5*b - 4*k + 35, 5*k - 34 = -2*b - b. Let z be c(b). Let n = 15 - z. What are the prime factors of n?
3
Let b = -668 - -1416. What are the prime factors of b?
2, 11, 17
List the prime factors of -3 + 5/(35/2037).
2, 3
Suppose -4*o - 33 + 14 = -5*u, 4*u + 4*o = 44. Let x(c) = -4*c + 4*c - c + u*c + 1. List the prime factors of x(1).
7
Let g = 1189 + -994. List the prime factors of g.
3, 5, 13
Suppose 5*p - 25 = 15. List the prime factors of (p*(-74)/4)/(-2).
2, 37
Let t(m) be the third derivative of m**5/30 - m**4/24 + 58*m**3/3 + 18*m**2. What are the prime factors of t(0)?
2, 29
Suppose 5*r = 4*b + 5 - 26, 4*r = -b. List the prime factors of (-6 + b)/(4/(-74)).
37
Let i(a) = -3*a**2 - 2*a + 3. Let o be i(-3). Let p = 34 + o. List the prime factors of p.
2
Let t(l) = -l**2 + 22*l + 6. Let p = -20 - -28. What are the prime factors of t(p)?
2, 59
Let j be 71/(-3*1/6). What are the prime factors of -4 - j/4*2?
67
Let c be 24*-2*(0 + (-42)/8). Let r = c - 48. List the prime factors of r.
2, 3, 17
Suppose -20 = -5*n - 0. Let z be 1*(n/2 + 9). Let r = z + 8. What are the prime factors of r?
19
Let y(k) = 8*k + 5. Let o be y(9). Let v be 1/7 + (-88)/o. List the prime factors of v/(-6) - 68/(-24).
3
Suppose 0 = -4*s + 4 + 8, 51 = -3*j - 4*s. Let r(u) = u**3 + 21*u**2 + 13. What are the prime factors of r(j)?
13
Let h = 16 - 12. Suppose 4*t = h*k + 165 - 729, -k + 2*t = -145. What are the prime factors of k?
137
Suppose 5*l - 134 = -3*a + l, -5*l - 20 = 0. Suppose 0 = -5*r - a - 50. Let j = r - -47. List the prime factors of j.
3
Let f be -1*2*(-40)/16. Let g(b) = b**2 + 2*b + 3. Let t be g(6). Suppose 0 = f*p - t - 99. What are the prime factors of p?
2, 3, 5
Let b(v) = 34*v**2 - 4. Let s be b(-3). Suppose 57*o + s = 59*o. List the prime factors of o.
151
List the prime factors of (1*-76)/((-528)/261 - -2).
2, 3, 19, 29
Let c(a) = 6*a**2 + 20*a - 33. List the prime factors of c(-14).
863
Suppose -14*x = -19183 + 4245. What are the prime factors of x?
11, 97
Suppose m + 955 = 4*v + 308, -5*v + 799 = 2*m. What are the prime factors of v?
7, 23
Let g(w) = -61*w - 1. Let t be (-2)/3 + 1/(-3). What are the prime factors of g(t)?
2, 3, 5
Suppose -m + 4 = 0, 0*m = 5*h + 3*m - 22. What are the prime factors of 638/(-33)*(h - -1)*